 be m(-4). Let g be (c + -2)*(-15)/30. Determine i(g).
5
Let v(o) = o**2 + 8*o - 1. Suppose 0 = 7*c - 2 + 1101. Let u = 151 + c. What is v(u)?
-13
Let b(h) be the second derivative of h**3/3 - 5*h**2/2 + 4*h. Let j(p) = -p**2 + 13*p - 7. Let r be j(12). What is b(r)?
5
Let w(c) = c + 2. Suppose 18 = -4*z + 5*o, 5*o + 6 = 2*z + 20. Let n be w(z). Let a(k) = 2 - k + 3*k**2 - 2*k**2 + 6 + 0*k - 2 - 9. Give a(n).
-3
Let l(p) = 31*p - 61. Let c be l(2). Let x(g) = 8*g + 2. What is x(c)?
10
Let p(x) be the third derivative of -x**5/60 + 7*x**4/8 + 17*x**3/3 + 55*x**2 + 2. Give p(18).
88
Let z(n) = -165*n**3 - 3*n**2 - 6 + 326*n**3 - 4 - 160*n**3 + 26*n**2. Give z(-23).
-10
Let r(n) be the second derivative of -n**3/6 + 11*n**2/2 + 386*n. Give r(-10).
21
Let j be -2*(-1)/(-4)*0. Let w(q) = 2*q**2 + q + 2. Let n be w(-6). Let t(s) = -n*s**2 + 67*s**2 + 2*s - s. Determine t(j).
0
Let x be (-106 + 51)*((-12)/15)/4. Let f(a) = -2*a**2 + 26*a + 5. Determine f(x).
49
Let a(b) be the second derivative of -b**5/20 + b**4 + 7*b**3/3 - 17*b**2/2 - 1293*b + 1. What is a(13)?
-4
Let l = -77 - -73. Let y(p) = -6*p**2 - 2. Let q(i) = 4*i**2 + 2. Let r(x) = l*q(x) - 3*y(x). Calculate r(-4).
30
Let j(u) = u**3 + 4*u**2 - 11*u + 13. Let l(k) = 3*k**2 - 54*k - 63. Let p be l(19). Calculate j(p).
7
Let r(o) = -o**2 + o - 2. Suppose -25*m = -24*m + 34. Let j = -32 - m. Suppose 4*u = j*u. Calculate r(u).
-2
Let z(p) = 90*p - 8*p - 30*p - 20*p - 27*p + 6. Let y be (-2 + 10/3)*-3. Calculate z(y).
-14
Let h(k) = -30*k**2 - k - 1. Let m(b) = -b**2 + 18*b - 81. Let g(v) = 11*v**2 + 41*v - 4. Let f be g(-4). Let r be m(f). Determine h(r).
-30
Let p(b) = 43*b - 131. Let v(o) = -11*o + 44. Let i(x) = 2*p(x) + 7*v(x). Calculate i(-5).
1
Let k = -12 + 4. Let v(u) = 345 - 115 - 2*u - 114 - 114. Calculate v(k).
18
Let h(g) = -4*g. Let a be h(-2). Let d(y) be the third derivative of 0*y**3 + 0 + 0*y + 7/60*y**5 - 1/120*y**6 + 11/24*y**4 - 23*y**2. What is d(a)?
24
Let l(s) = 2*s**2 - 14*s + 8. Let u(m) = -244*m + 5. Let v be u(0). What is l(v)?
-12
Let m(s) = -s**3 - 6*s**2 - 3*s + 12. Suppose 14*o = -3*n + 9*o - 1768, -5*o = -5. Let j = n - -586. Determine m(j).
2
Let p(m) = -2391*m + 47826. Let z be p(20). Let y(k) = -k + 1. Let d(a) = -a**2 + 7*a - 1. Let s(o) = d(o) + y(o). What is s(z)?
0
Let j(l) = -l**2 - 6*l - 7. Let k be (-98)/(-28)*(-12)/(-14). Let g be ((-5)/k)/((-260)/(-936)). What is j(g)?
-7
Let j(o) = -41*o + 20. Let h(z) = 72*z - 43. Let c(r) = -3*h(r) - 5*j(r). Give c(2).
7
Let b(w) = 761*w - 39. Let s(f) = -1245*f + 65. Let q(n) = -18*b(n) - 11*s(n). Let j(d) = -2*d - 2. Let c be j(4). Determine q(c).
17
Let z(m) be the third derivative of -m**5/60 - 23*m**4/24 + 77*m**3/6 - 5118*m**2. Give z(-26).
-1
Let l(o) = -11*o**3 - o**2 - o. Let h = -175 + 296. Let b = h - 57. Let n = 63 - b. Determine l(n).
11
Let l = -25121 + 25126. Let h(s) = 2*s**2 + 3*s - 12. Determine h(l).
53
Let a(s) = -45 - 34 + 119 + 7*s - s**2 - 41. Let u be (-2)/6 + 110/6. Let z be 130/u - (-6)/(-27). Determine a(z).
-1
Let u(y) = -4*y - 25. Let o be u(-7). Let s be o/(1 + (-1)/4). Let p(n) be the second derivative of -n**5/20 + 5*n**4/12 - 2*n**3/3 - n**2 - n. Calculate p(s).
-2
Let j(r) = -94*r - 936. Let v be j(-10). Let o(l) be the second derivative of -1/12*l**v - 5/6*l**3 + 15*l - l**2 + 0. Calculate o(-4).
2
Let m(r) = r**2 + 14*r + 18. Suppose 10*f = 12*f + 5*t - 2, -f = 3*t - 2. Let c be (26/f)/(6 + 44/(-8)). Give m(c).
5
Suppose -2*v + 398 - 410 = 0, 5*f + 2*v + 142 = 0. Let h(j) = j**2 + 27*j + 38. Determine h(f).
12
Let b(p) = -9352*p**3 + 37396*p**3 - 9343*p**3 + 5*p**2 - 9357*p**3 - 9346*p**3 - 4*p**2 - p. Suppose 2*g + 2 = -x - x, 3*g = 2*x - 8. Determine b(x).
-2
Suppose -2479*d - 124 = -2417*d. Let i(l) = -3*l**3 + 3*l**2 - 4. Let c(a) = 10*a**3 - 10*a**2 - a + 13. Let k(p) = -2*c(p) - 7*i(p). What is k(d)?
-14
Suppose -x = 3*p, -5*x + 13 = p + p. Suppose -9 = 3*z + x, -2 = -2*u + z. Let q(f) be the third derivative of -f**5/5 - f**4/12 - f**3/6 - 87*f**2. Give q(u).
-11
Suppose b = -3*b. Suppose -3*v + 3 = -b*v. Let s(p) = 9*p**2 - 8*p**3 + 7*p - v - 2*p**2 + 0*p**2 + 9*p**3. Give s(-6).
-7
Let q(d) = 2 - 12*d - 13 + 35*d - 23*d - 11*d. Calculate q(1).
-22
Let j(f) be the third derivative of -5*f**4/3 + f**3/6 + 5*f**2 + 3*f - 27. Calculate j(3).
-119
Suppose -2*v + 3 = -3*s + 19, 2*s = 4*v + 24. Let m(b) = 19*b + 91. Let g be m(v). Let r(w) = -w + 1. Give r(g).
5
Let d(f) = -57*f**3 + 213*f**2 - 65*f - 219. Let s(q) = 5*q**3 - 19*q**2 + 6*q + 20. Let l(g) = -2*d(g) - 23*s(g). What is l(11)?
-110
Let p(c) = -16*c + 101. Suppose -49 = 84*q - 91*q. What is p(q)?
-11
Suppose -4*o + 10 = 26. Let j(y) = 24*y + 1. Let c(n) = 44*n + 1. Let k(u) = o*c(u) + 7*j(u). Calculate k(2).
-13
Let t(c) = 31*c**2 + 2*c + 3. Let n(m) = -3*m**3 - 17*m**2 + 5*m - 7. Let k be n(-6). What is t(k)?
32
Let b(j) = -j**2 - 36*j - 29. Let t be -30 - 1 - (-16)/10*(-60)/24. Calculate b(t).
6
Let n(m) = m + 3. Let q(l) = -22 + 12*l - 15*l - 4*l. Let g(y) = 5*n(y) + q(y). Give g(-4).
1
Let d be 3*(-2)/15 - 91/35. Let l be (2 + -5)*(d - -2). Let k(y) = -2 - y**2 - 42*y**l + 41*y**3 + 0. Determine k(0).
-2
Suppose 4*k - 99 = 5*g - 139, 0 = 5*g + 4*k - 80. Let r(n) = 2*n**2 - 18*n - 21. Give r(g).
51
Let b be (-1 - -3) + (43 - 37). Let m(o) = o**2 - 3*o - 31. Calculate m(b).
9
Suppose 5*i = 35 + 225. Let z = i - 55. Let l(b) = 5*b + 15. What is l(z)?
0
Let z(n) be the first derivative of 1/6*n**3 - 23 + 5/2*n**2 + 5*n. Let d(s) be the first derivative of z(s). Give d(-6).
-1
Let i(s) = -96*s**2 + 96*s + 1. Let m be i(1). Let d(x) = -20*x + 20. What is d(m)?
0
Let v be (8/6)/((-7)/(168/8)). Let q(c) = -4*c + 17. Let y(p) = 8*p - 31. Let g(k) = 11*q(k) + 6*y(k). Give g(v).
-15
Let k(u) = -u**3 - 11*u**2 + 13*u + 18. Let o = 361 + -504. Let m = o - -131. Calculate k(m).
6
Let o(j) = j**2 - 9*j - 5. Let i be 4/(3 + -2)*(-33 + 34). Suppose 57 = 5*k - i*v, -v + 39 = 3*k - 5*v. Determine o(k).
-5
Let b(i) = -157*i**2 + 14*i - 22. Let d(r) = -340*r**2 + 27*r - 43. Let m(g) = 13*b(g) - 6*d(g). Give m(19).
-9
Let u(w) = -3*w. Let j be u(-3). Suppose j*p - 17*p + 64 = 0. Let k(x) = -1 - p - x + 7. Determine k(-8).
6
Let w(q) = -q**3 + 7*q**2 - 3*q - 5. Let m be (4/6)/((-2)/(-15)). Suppose 3*k - 3*x - 24 = 0, 5*k + 8*x = m*x + 8. Suppose -h = 4*g - 24, 5*h = k*h. Give w(g).
13
Let l(s) = 26 - 1342*s + 8 + 4032*s - 1322*s - 1345*s. Determine l(-2).
-12
Let g(y) = -7*y**2 + 9*y - 29*y + y**3 + 0*y + 27*y - 1. Let k(x) = -x**2 - 7*x - 4. Let i be k(-4). Suppose 32 - i = 4*l. What is g(l)?
5
Suppose 3*u = k + 5 - 17, -2*k + 3*u + 12 = 0. Let x(t) = -6 - 12*t**3 - 10 + 20*t**3 - 2 - 9*t**3. What is x(k)?
-18
Suppose 22*f - 15 = 51. Let d(r) = -279*r**2 + 0*r**3 + 285*r**2 + 3*r - r**f. Calculate d(6).
18
Suppose 75 - 132 = -19*k. Let b(d) = 6 - k*d + d + 2*d + 4 + 2*d. Calculate b(0).
10
Let u(a) = -123*a**2 - 15*a + 35. Let r(b) = 49*b**2 + 8*b - 18. Let k(f) = -5*r(f) - 2*u(f). Calculate k(4).
-4
Let r(n) = 2*n**3 + 4*n - 168 - n**2 + 3*n**2 + 167 - 3*n**3. Calculate r(0).
-1
Let t(j) = j**3 - 9*j**2 + 37*j - 26. Let u be t(10). Suppose u = 3*a + 438. Let i(o) = o**3 - 4*o**2 + 3*o. What is i(a)?
-2
Let q(d) = d - 7. Let t(w) = 1. Let m(h) = q(h) + 6*t(h). Suppose -f - 2*u - 32 = 0, -4*u + 156 - 38 = -5*f. Let x be 6/(-2) + (-18 - f). Calculate m(x).
4
Let d(y) = -y**3 + 45*y**2 + 360*y + 213. Let m be d(52). Let q(r) = -29*r + 16. What is q(m)?
-129
Let k(m) = 22*m + 6. Let o(f) = 25*f + 7. Let q(a) = 6*k(a) - 5*o(a). Suppose -1 + 5 = 4*l. Suppose -7*p + 8*p + l = 0. Determine q(p).
-6
Let m(r) = r**2 + 15*r + 9. Let h = -6950 + 6944. Calculate m(h).
-45
Let u(w) = w**3 + 6*w**2 + 3*w - 4. Let q be (88/(-12) - -6)*-3. Suppose -3*v + 4*d = v + 40, -2*d - 16 = q*v. Give u(v).
-22
Suppose -59*f + 67*f + 136 = 0. Let y be (4/8)/((85/(-90))/f). Let c(m) = 0*m**2 - 7*m - 3*m**2 - 5*m**2 - 12 + m**3. Determine c(y).
6
Let c(q) = -3*q**2 + q. Let f(n) = 7*n**2 - 16*n + 14. Let y(p) = 2*c(p) + f(p). Give y(11).
-19
Let t(s) be the first derivative of -3*s**2 - 5*s + 1. Let z = -566 + 571. Suppose 12 = -4*j, -z*o = -4*j + 8*j - 8. Calculate t(o).
-29
Suppose 3*z + 6 = -3*o, o + 7 = -2*z + 1. Let a(l) = -15 - o*l - l**3 + 13 - l**2 -